?
True
Is 49266431 a prime number?
True
Is 40041149 a prime number?
False
Is 86857481 a composite number?
False
Is 7503809 a composite number?
False
Is 102770999 composite?
True
Is 6982691 prime?
True
Is 3666083 composite?
True
Is 6931229 a composite number?
False
Is 25963601 prime?
True
Is 246620161 a composite number?
True
Is 1607357 a composite number?
False
Is 2092357 a prime number?
False
Is 1669861 a prime number?
True
Is 2124757 composite?
False
Is 2741482 a prime number?
False
Is 6156677 a composite number?
True
Is 312255017 composite?
False
Is 43244777 composite?
False
Is 608567 composite?
True
Is 9597737 a composite number?
False
Is 4156073 prime?
True
Is 649177 prime?
False
Is 32394053 a composite number?
False
Is 37296319 prime?
False
Is 35388905 composite?
True
Is 6986171 a composite number?
False
Is 38209697 composite?
False
Is 158292065 a composite number?
True
Is 21215679 a composite number?
True
Is 76559 a prime number?
False
Is 9856147 a prime number?
False
Is 264452757 composite?
True
Is 152300003 composite?
True
Is 47075857 a composite number?
True
Is 20947879 prime?
False
Is 4398047 a composite number?
False
Is 21588289 prime?
True
Is 33557 composite?
True
Is 3621461 a prime number?
True
Is 6662281 composite?
False
Is 2550853 a prime number?
True
Is 18248647 a prime number?
True
Is 892505 composite?
True
Is 385901657 composite?
True
Is 193546417 prime?
False
Is 226144321 a composite number?
True
Is 540989 composite?
False
Is 417031449 composite?
True
Is 3320479 a composite number?
True
Is 227579921 a prime number?
False
Is 89291339 composite?
True
Is 4276637 a composite number?
False
Is 50318143 prime?
True
Is 11478487 composite?
False
Is 31309059 composite?
True
Is 44882157 composite?
True
Is 1249319 composite?
False
Is 9223831 a composite number?
True
Is 22634 composite?
True
Is 864857053 prime?
False
Is 4475239 a composite number?
False
Is 1000187 a prime number?
True
Is 45296479 composite?
False
Is 273755 a prime number?
False
Is 1877942522 a prime number?
False
Is 129547486 prime?
False
Is 529607 composite?
True
Is 6750329 a composite number?
False
Is 174865363 composite?
True
Is 47964449 prime?
False
Is 4613559 prime?
False
Is 10856359 a composite number?
False
Is 4960555 composite?
True
Is 1670137 a composite number?
True
Is 7712569 a composite number?
True
Is 5006069 a composite number?
False
Is 13986923 a composite number?
False
Is 8192797 a prime number?
False
Is 97404581 composite?
False
Is 315373061 a composite number?
False
Is 19315367 prime?
True
Is 3105913 a prime number?
True
Is 74460671 composite?
False
Is 18507361 a composite number?
False
Is 13648881 prime?
False
Is 15415487 a composite number?
False
Is 2149967 composite?
True
Is 107758219 a prime number?
True
Is 22553873 a composite number?
False
Is 254518273 a composite number?
False
Is 6173807 a composite number?
True
Is 126487401 a composite number?
True
Is 197588383 composite?
False
Is 37163983 a composite number?
False
Is 41887 a composite number?
False
Is 4738681 a prime number?
False
Is 61947169 a prime number?
True
Is 2203493 a prime number?
False
Is 26996627 a composite number?
True
Is 315628607 prime?
False
Is 72535019 composite?
False
Is 68603273 composite?
True
Is 88269197 a prime number?
True
Is 3195065167 composite?
True
Is 864159097 prime?
True
Is 108343 prime?
True
Is 291640373 composite?
False
Is 7262819 a prime number?
True
Is 250188431 prime?
True
Is 4689133 composite?
False
Is 1145090941 a composite number?
True
Is 840223 composite?
False
Is 105333211 a prime number?
True
Is 261494939 prime?
True
Is 771193 a prime number?
False
Is 219738578 prime?
False
Is 184384507 prime?
False
Is 26375353 composite?
False
Is 253319831 composite?
True
Is 111893993 a prime number?
False
Is 29764747 composite?
True
Is 25713019 prime?
False
Is 122775941 composite?
True
Is 964343 a composite number?
True
Is 523205047 a composite number?
False
Is 4063517 prime?
True
Is 3062891 composite?
True
Is 20131589 prime?
False
Is 32842091 prime?
False
Is 216719 composite?
False
Is 21434515 a prime number?
False
Is 93280837 a composite number?
True
Is 1247383 a prime number?
True
Is 24016757 prime?
False
Is 66930953 a composite number?
True
Is 61992559 prime?
False
Is 231237433 composite?
True
Is 129605341 composite?
False
Is 10729517 a composite number?
False
Is 148407839 composite?
True
Is 169179029 a prime number?
False
Is 463241 prime?
False
Is 11265299 a prime number?
True
Is 36934631 a composite number?
False
Is 17853439 composite?
True
Is 9454901 a composite number?
False
Is 4639805 prime?
False
Is 4062607 prime?
True
Is 26977381 composite?
False
Is 99069877 a prime number?
False
Is 6680519 prime?
True
Is 701869 prime?
False
Is 7625537 prime?
False
Is 1580297 a composite number?
True
Is 1536023 prime?
True
Is 6175201 composite?
True
Is 23495779 prime?
True
Is 98298337 a prime number?
True
Is 91277 prime?
False
Is 90919703 a composite number?
True
Is 245731 prime?
False
Is 399433 prime?
True
Is 716531 a composite number?
False
Is 22009357 a prime number?
False
Is 104421391 a composite number?
True
Is 108044813 a composite number?
True
Is 4751803 prime?
False
Is 18141421 composite?
True
Is 72419 prime?
False
Is 15689615 prime?
False
Is 2561177 a prime number?
False
Is 271530151 composite?
True
Is 5076233 prime?
False
Is 38002427 composite?
False
Is 9245009 a prime number?
False
Is 7660571 a prime number?
False
Is 46969 composite?
True
Is 40483 a prime number?
True
Is 124138699 prime?
False
Is 3310781 prime?
False
Is 125088617 prime?
True
Is 459941939 composite?
False
Is 8691895 composite?
True
Is 1267627 composite?
True
Is 12797879 composite?
False
Is 486401 composite?
True
Is 182770069 prime?
True
Is 5467463 a prime number?
False
Is 32066413 a composite number?
False
Is 15434207 prime?
True
Is 108112357 composite?
False
Is 64826039 a prime number?
False
Is 41429489 composite?
True
Is 30071287 prime?
True
Is 64830239 prime?
True
Is 12230867 a composite number?
True
Is 109179233 a composite number?
True
Is 12711293 a prime number?
False
Is 437321 a composite number?
False
Is 18383693 a composite number?
True
Is 1870499 composite?
False
Is 1233870977 prime?
True
Is 1180447 composite?
False
Is 648137167 a prime number?
True
Is 1670677 a prime number?
False
Is 15171895 a prime number?
False
Is 286499071 a prime number?
True
Is 366535573 a composite number?
False
Is 358817 a composite number?
True
Is 99308281 prime?
False
Is 5640857 a composite number?
False
Is 186952057 a composite number?
False
Is 89871527 a composite number?
False
Is 13865473 prime?
True
Is 8390366 composite?
True
Is 86616935 a composite number?
True
Is 184250903 composite?
False
Is 9647317 composite?
False
Is 2709517 a composite number?
False
Is 4880641 prime?
False
Is 178699387 prime?
True
Is 1293727 a composite number?
True
Is 2440294 prime?
False
Is 17827715 a composite number?
True
Is 6525047 prime?
True
Is 512891 prime?
True
Is 7739837 a composite number?
True
Is 8541913 prime?
False
Is 5250239 a prime number?
False
Is 32848997 composite?
False
Is 1487009 a prime number?
True
Is 7026791 prime?
True
Is 19826666 composite?
True
Is 65121107 composite?
True
Is 148777229 composite?
False
Is 102073949 prime?
True
Is 5339489 composite?
True
Is 4832489 composite?
False
Is 8477597 composite?
True
Is 21921083 a prime number?
True
Is 3819139 composite?
False
Is 12307301 a prime number?
True
Is 18615757 prime?
True
Is 305062 a prime number?
False
Is 211234193 prime?
True
Is 77042671 composite?
False
Is 6008129 composite?
True
Is 134706977 prime?
True
Is 1156073 a prime number?
True
Is 460724533 prime?
False
Is 1562135669 prime?
True
Is 241470637 composite?
False
Is 15657559 prime?
False
Is 23674519 a composite number?
True
Is 13149043 prime?
True
Is 1788433 composite?
False
Is 171233 composite?
False
Is 1439169909 prime?
False
Is 346554449 a prime number?
True
Is 29611513 prime?
True
Is 2312951 prime?
True
Is 2379107 prime?
False
Is 203107 prime?
False
Is 391229183 prime?
True
Is 288397 a prime number?
False
Is 364061513 a composite number?
False
Is 66880357 a prime number?
True
Is 109794721 composite?
True
Is 8411401 a prime number?
False
Is 3269207 composite?
False
Is 17050819 a composite numbe